{"id":12,"date":"2010-09-29T07:42:44","date_gmt":"2010-09-29T11:42:44","guid":{"rendered":"http:\/\/rubendario.cl\/sitio\/"},"modified":"2013-11-14T14:30:12","modified_gmt":"2013-11-14T17:30:12","slug":"admision","status":"publish","type":"page","link":"https:\/\/www.rubendario.cl\/sitio\/admision\/","title":{"rendered":"Admisi\u00f3n"},"content":{"rendered":"<p style=\"text-align: center;\"><iframe loading=\"lazy\" src=\"http:\/\/www.youtube.com\/embed\/I3moQSvoHzI?rel=0\" frameborder=\"0\" width=\"560\" height=\"315\"><\/iframe><\/p>\n<hr style=\"width: 100%;\" width=\"100%\" \/>\n<p><img loading=\"lazy\" decoding=\"async\" class=\"size-full wp-image-1374 aligncenter\" src=\"http:\/\/www.rubendario.cl\/sitio\/wp-content\/uploads\/2013\/07\/admision2014-banner.jpg\" alt=\"\" width=\"620\" height=\"80\" srcset=\"https:\/\/www.rubendario.cl\/sitio\/wp-content\/uploads\/2013\/07\/admision2014-banner.jpg 620w, https:\/\/www.rubendario.cl\/sitio\/wp-content\/uploads\/2013\/07\/admision2014-banner-300x38.jpg 300w, https:\/\/www.rubendario.cl\/sitio\/wp-content\/uploads\/2013\/07\/admision2014-banner-460x59.jpg 460w\" sizes=\"auto, (max-width: 620px) 100vw, 620px\" \/><\/p>\n<h1 style=\"text-align: center;\"><span style=\"color: #0c8855;\"><span style=\"font-size: medium;\">PROCESO CONCLUIDO<\/span><\/span><\/h1>\n<hr style=\"width: 100%;\" width=\"100%\" \/>\n<p>&nbsp;<\/p>\n<p>Comunicacamos a los interesados que el proceso de Admisi\u00f3n de alumnos nuevos a nuestro Colegio Rub\u00e9n Dar\u00edo para el a\u00f1o 2014, ha concluido con \u00e9xito. Agradecemos a todos por sus preferencias. Les invitamos a estar atentos a nuestro sitio web donde publicaremos todas las noticias relacionadas con nuestra comunidad.<\/p>\n<p>&nbsp;<\/p>\n","protected":false},"excerpt":{"rendered":"<p>PROCESO CONCLUIDO &nbsp; Comunicacamos a los interesados que el proceso de Admisi\u00f3n de alumnos nuevos a nuestro Colegio Rub\u00e9n Dar\u00edo para el a\u00f1o 2014, ha concluido con \u00e9xito. Agradecemos a todos por sus preferencias. Les invitamos a estar atentos a nuestro sitio web donde publicaremos todas las noticias relacionadas con nuestra comunidad. &nbsp;<\/p>\n","protected":false},"author":1,"featured_media":0,"parent":0,"menu_order":0,"comment_status":"closed","ping_status":"closed","template":"","meta":{"footnotes":""},"class_list":["post-12","page","type-page","status-publish",""],"publishpress_future_action":{"enabled":false,"date":"2026-05-09 11:03:15","action":"change-status","newStatus":"draft","terms":[],"taxonomy":"","extraData":[]},"publishpress_future_workflow_manual_trigger":{"enabledWorkflows":[]},"_links":{"self":[{"href":"https:\/\/www.rubendario.cl\/sitio\/wp-json\/wp\/v2\/pages\/12","targetHints":{"allow":["GET"]}}],"collection":[{"href":"https:\/\/www.rubendario.cl\/sitio\/wp-json\/wp\/v2\/pages"}],"about":[{"href":"https:\/\/www.rubendario.cl\/sitio\/wp-json\/wp\/v2\/types\/page"}],"author":[{"embeddable":true,"href":"https:\/\/www.rubendario.cl\/sitio\/wp-json\/wp\/v2\/users\/1"}],"replies":[{"embeddable":true,"href":"https:\/\/www.rubendario.cl\/sitio\/wp-json\/wp\/v2\/comments?post=12"}],"version-history":[{"count":0,"href":"https:\/\/www.rubendario.cl\/sitio\/wp-json\/wp\/v2\/pages\/12\/revisions"}],"wp:attachment":[{"href":"https:\/\/www.rubendario.cl\/sitio\/wp-json\/wp\/v2\/media?parent=12"}],"curies":[{"name":"wp","href":"https:\/\/api.w.org\/{rel}","templated":true}]}}