{"id":14026,"date":"2019-01-07T13:48:54","date_gmt":"2019-01-07T16:48:54","guid":{"rendered":"http:\/\/www.rubendario.cl\/sitio\/?page_id=14026"},"modified":"2019-01-07T14:49:52","modified_gmt":"2019-01-07T17:49:52","slug":"informe-de-gestion-y-resultados-2017-2018","status":"publish","type":"page","link":"https:\/\/www.rubendario.cl\/sitio\/informe-de-gestion-y-resultados-2017-2018\/","title":{"rendered":"Informe de Gesti\u00f3n y Resultados 2017-2018"},"content":{"rendered":"<p>A continuaci\u00f3n, les presentamos el informe anual de <strong>Gesti\u00f3n y Resultados<\/strong> correspondiente al per\u00edodo 2017-2018. Les invitamos a que lo descarguen y lo revisen con detenci\u00f3n.<\/p>\n<p><a href=\"http:\/\/www.rubendario.cl\/sitio\/wp-content\/uploads\/2019\/01\/Resultados-Institucionales-2017-2018.pdf\"><img loading=\"lazy\" decoding=\"async\" class=\"aligncenter wp-image-436 size-full\" src=\"http:\/\/www.rubendario.cl\/sitio\/wp-content\/uploads\/2011\/04\/descargaraqui.jpg\" alt=\"\" width=\"200\" height=\"85\" \/><\/a><\/p>\n<p style=\"text-align: center;\"><span style=\"color: #ff0000;\">Actualizado 07\/01\/2019<\/span><\/p>\n<p>&nbsp;<\/p>\n","protected":false},"excerpt":{"rendered":"<p>A continuaci\u00f3n, les presentamos el informe anual de Gesti\u00f3n y Resultados correspondiente al per\u00edodo 2017-2018. Les invitamos a que lo descarguen y lo revisen con detenci\u00f3n. Actualizado 07\/01\/2019 &nbsp;<\/p>\n","protected":false},"author":1,"featured_media":0,"parent":0,"menu_order":0,"comment_status":"closed","ping_status":"closed","template":"","meta":{"footnotes":""},"class_list":["post-14026","page","type-page","status-publish",""],"publishpress_future_action":{"enabled":false,"date":"2026-05-11 15:42:07","action":"change-status","newStatus":"draft","terms":[],"taxonomy":"","extraData":[]},"publishpress_future_workflow_manual_trigger":{"enabledWorkflows":[]},"_links":{"self":[{"href":"https:\/\/www.rubendario.cl\/sitio\/wp-json\/wp\/v2\/pages\/14026","targetHints":{"allow":["GET"]}}],"collection":[{"href":"https:\/\/www.rubendario.cl\/sitio\/wp-json\/wp\/v2\/pages"}],"about":[{"href":"https:\/\/www.rubendario.cl\/sitio\/wp-json\/wp\/v2\/types\/page"}],"author":[{"embeddable":true,"href":"https:\/\/www.rubendario.cl\/sitio\/wp-json\/wp\/v2\/users\/1"}],"replies":[{"embeddable":true,"href":"https:\/\/www.rubendario.cl\/sitio\/wp-json\/wp\/v2\/comments?post=14026"}],"version-history":[{"count":0,"href":"https:\/\/www.rubendario.cl\/sitio\/wp-json\/wp\/v2\/pages\/14026\/revisions"}],"wp:attachment":[{"href":"https:\/\/www.rubendario.cl\/sitio\/wp-json\/wp\/v2\/media?parent=14026"}],"curies":[{"name":"wp","href":"https:\/\/api.w.org\/{rel}","templated":true}]}}