{"id":4187,"date":"2014-07-31T23:10:05","date_gmt":"2014-08-01T03:10:05","guid":{"rendered":"http:\/\/www.rubendario.cl\/sitio\/?page_id=4187"},"modified":"2014-07-31T23:10:48","modified_gmt":"2014-08-01T03:10:48","slug":"valor-del-mes-solidaridad","status":"publish","type":"page","link":"https:\/\/www.rubendario.cl\/sitio\/valor-del-mes-solidaridad\/","title":{"rendered":"Valor del Mes: Solidaridad"},"content":{"rendered":"<p><img loading=\"lazy\" decoding=\"async\" class=\"size-full wp-image-4188 alignleft\" src=\"http:\/\/www.rubendario.cl\/sitio\/wp-content\/uploads\/2014\/07\/manos-solidaridad.png\" alt=\"\" width=\"250\" height=\"250\" srcset=\"https:\/\/www.rubendario.cl\/sitio\/wp-content\/uploads\/2014\/07\/manos-solidaridad.png 250w, https:\/\/www.rubendario.cl\/sitio\/wp-content\/uploads\/2014\/07\/manos-solidaridad-150x150.png 150w\" sizes=\"auto, (max-width: 250px) 100vw, 250px\" \/>La <strong>solidaridad<\/strong> es una de los valores humanos por excelencia, del que se espera cuando un otro significativo requiere de nuestros buenos sentimientos para salir adelante. En estos t\u00e9rminos, la solidaridad se define como la colaboraci\u00f3n mutua en la personas, como aquel sentimiento que mantiene a las personas unidas en todo momento, sobretodo cuando se vivencian experiencias dif\u00edciles de las que no resulta f\u00e1cil salir.<\/p>\n<p>Debido al verdadero significado de la solidaridad no es de extra\u00f1arse que escuchemos este t\u00e9rmino con mayor frecuencia cuando nos encontramos en \u00e9pocas de guerra o de grandes de sastres naturales. De este modo, gracias a la solidaridad es posible brindarle una mano a aquellos que resultan menos favorecidos con este tipo de situaciones.<\/p>\n<p>Como vemos, la solidaridad es m\u00e1s que nada un acto social, una acci\u00f3n que le permite al ser humano mantener y mantenerse en su naturaleza de ser social. Debido a lo anterior es que resulta fundamental fomentar y desarrollar la solidaridad en todas sus aristas, ya que no s\u00f3lo ser\u00e1 necesario llevar a cabo las acciones de las que se requerir\u00e1 en momentos de guerra o desastres naturales, sino que ser\u00e1 fundamental de aplicar cuando alguno de nuestros seres queridos, ya sean amigos o familiares, tengan alg\u00fan problema en el que nuestra ayuda o compa\u00f1\u00eda sean un aporte para mejorar en cierto modo la situaci\u00f3n.<\/p>\n<p>No es de extra\u00f1arse entonces que la solidaridad se comporte como la base de muchos otros valores humanos o incluso, de nuestras relaciones sociales m\u00e1s valiosas, tal como es el caso de la amistad. En este sentido, la solidaridad nos permite sentirnos unidos a otras personas en una relaci\u00f3n que involucra sentimientos necesarios para mantener el funcionamiento social normal. En t\u00e9rminos m\u00e1s generales, puede incluso permitirle al hombre sentir que pertenece a determinado lugar, en otras palabras, permite desarrollar sentimientos como los de pertenencia a cierta naci\u00f3n, manteniendo a los ciudadanos de un mismo lugar luchar juntos por un mismo motivo o trabajar unidos para lograr una misma meta.<\/p>\n","protected":false},"excerpt":{"rendered":"<p>La solidaridad es una de los valores humanos por excelencia, del que se espera cuando un otro significativo requiere de nuestros buenos sentimientos para salir adelante. En estos t\u00e9rminos, la solidaridad se define como la colaboraci\u00f3n mutua en la personas, como aquel sentimiento que mantiene a las personas unidas en todo momento, sobretodo cuando se &hellip;<\/p>\n","protected":false},"author":1,"featured_media":0,"parent":0,"menu_order":0,"comment_status":"closed","ping_status":"open","template":"","meta":{"footnotes":""},"class_list":["post-4187","page","type-page","status-publish",""],"publishpress_future_action":{"enabled":false,"date":"2026-05-13 11:48:17","action":"change-status","newStatus":"draft","terms":[],"taxonomy":"","extraData":[]},"publishpress_future_workflow_manual_trigger":{"enabledWorkflows":[]},"_links":{"self":[{"href":"https:\/\/www.rubendario.cl\/sitio\/wp-json\/wp\/v2\/pages\/4187","targetHints":{"allow":["GET"]}}],"collection":[{"href":"https:\/\/www.rubendario.cl\/sitio\/wp-json\/wp\/v2\/pages"}],"about":[{"href":"https:\/\/www.rubendario.cl\/sitio\/wp-json\/wp\/v2\/types\/page"}],"author":[{"embeddable":true,"href":"https:\/\/www.rubendario.cl\/sitio\/wp-json\/wp\/v2\/users\/1"}],"replies":[{"embeddable":true,"href":"https:\/\/www.rubendario.cl\/sitio\/wp-json\/wp\/v2\/comments?post=4187"}],"version-history":[{"count":0,"href":"https:\/\/www.rubendario.cl\/sitio\/wp-json\/wp\/v2\/pages\/4187\/revisions"}],"wp:attachment":[{"href":"https:\/\/www.rubendario.cl\/sitio\/wp-json\/wp\/v2\/media?parent=4187"}],"curies":[{"name":"wp","href":"https:\/\/api.w.org\/{rel}","templated":true}]}}